2845 = -27*s - 5*y. What is the thousands digit of s?
0
Let z = -15 - -17. Suppose 16 + 7 = 4*g - l, 3*l = -z*g + 15. What is the tens digit of (-3)/((6/(-11))/g)?
3
Let s(n) = n**3 + 74*n**2 - 71*n - 699. What is the hundreds digit of s(-66)?
8
Let d(w) = w - 7. Let p be d(10). Suppose 4*z - 1720 = -p*g, 1688 = 4*z - 5*g - 0*g. What is the tens digit of z?
2
Suppose 55*x - 57*x = 3*h - 21070, h - 5*x = 7029. Suppose 0 = 5*c - 4*z - 8612, 2*z - 1858 + h = 3*c. What is the thousands digit of c?
1
Let y = 22966 + -13088. What is the tens digit of y?
7
Suppose -5*o = 4*s - 727, -3*s + 2*o - 5*o + 546 = 0. Let h = -16 + 18. Suppose h*r - s = -r. What is the tens digit of r?
6
Let g be 64/((-3)/(-36) + (-26)/(-264)). What is the tens digit of (1/(-2))/((8/g)/(-1))?
2
Let v(p) = -246*p**2 + 125*p**2 + 123*p**2 - 6 + 34*p + 0 - 13*p. What is the hundreds digit of v(13)?
6
Suppose m + 20 = 4*u + 3*m, -m = -2*u + 10. Let k(w) = -w**2 + 16*w - 8. Let b be k(14). Let c = b + u. What is the tens digit of c?
2
Let w(j) = 161*j**2 + 51*j - 304. What is the thousands digit of w(6)?
5
Let m = -33 + 17. Let d = m - -14. What is the units digit of d*2*(-2)/4?
2
Let u(o) = -4*o**3 + 3*o**2 - 7*o - 8. Let r be u(-4). Suppose -r = 9*n - 11*n. What is the hundreds digit of n?
1
Let u = -9 + -13. Let o = u - -410. What is the units digit of o?
8
Let c(g) = -g**3 - 6*g**2 + 3*g - 35. What is the tens digit of c(-20)?
0
Suppose 362 + 52020 = -22*s. Let r = s - -3921. What is the thousands digit of r?
1
Suppose -136*v = 46*v - 1475110. What is the units digit of v?
5
Suppose -2*x - x + 16220 = 2*o, 2*x + 16220 = 2*o. What is the tens digit of o?
1
Suppose 0 = -5*b - u - 448, -5*b + 5*u = -4*b + 74. Let d = b - -248. What is the hundreds digit of d?
1
Let i(x) = -2*x**2 - x**2 + 4*x + 7 + 9*x**2. Let k(q) = -2*q**2 + 5*q - 6. Let w be k(2). What is the tens digit of i(w)?
8
Suppose 52336 = 9*n - 24362. What is the hundreds digit of n?
5
Let y = 4931 - -10770. What is the thousands digit of y?
5
Let s = 37 - 88. Let b = s - -132. What is the units digit of b?
1
Let l(s) = 2*s**3 - 7*s - 3. Let i be l(-2). Let a(y) = -89*y**2 + 2*y + 2. Let n be a(i). What is the units digit of n/(-15) + (-2)/(-15)?
9
Let y(k) = k**3 + 7*k**2 - 6*k - 7. Let g be y(-8). Let u = -23 - g. Let z(o) = o**3 - 2*o**2 + 181. What is the units digit of z(u)?
1
Let s = -95 - -92. Let k(u) = -207*u + 32. What is the hundreds digit of k(s)?
6
Let y = -126 + 122. Let h(b) = 18*b**2 - 6*b + 1. What is the tens digit of h(y)?
1
Suppose 0 = 14*t - 44 + 16. Suppose -b = -5*v - 335, -4*b + t*b + 5*v = -645. What is the units digit of b?
0
Let a(q) = -15*q + 8. Let s be a(-5). Suppose 4*g + s = 983. What is the tens digit of g?
2
Let g = 122 - 126. Let h(i) = -6*i**2 + 9. Let c(x) = x. Let o(d) = g*c(d) - h(d). What is the tens digit of o(4)?
7
Let q(a) be the second derivative of 1057*a**3/6 - 11*a**2 + 30*a. What is the tens digit of q(1)?
3
Suppose -y - 5*g = -501, 1535 = 3*y - 2*g - 2. Let x = y - 803. What is the units digit of 1/(290/x + 1)?
6
Let h be (4514/296)/((-170)/(-168) + -1). Let p = 2269 - h. What is the tens digit of p?
8
Let o = 19 + -49. Let j be (-3 - -1)/(20/o). Suppose -j*h - 165 + 451 = -5*d, 0 = -h - 3*d + 86. What is the units digit of h?
2
Let v(o) = 2*o**3 - 9*o**2 - 8*o + 59. Let g be v(5). What is the tens digit of (3 - g/(-6))*51?
2
Let v be 2 - 13/4 - (-25140)/16. Suppose v = 7*b - 1594. What is the units digit of b?
2
Let c(y) = -y**3 + 15*y**2 + 25*y + 3. Let m be c(17). Let t = 174 - 444. Let b = m - t. What is the units digit of b?
0
Let i = -19261 - -35284. What is the thousands digit of i?
6
Suppose 3*t - 362 - 22 = 0. Suppose r - b - t = -r, 136 = 2*r + b. Let h = 153 - r. What is the tens digit of h?
8
Let y = 8627 + 3352. What is the ten thousands digit of y?
1
Let o(p) = -2*p**2 + 19*p - 11. Let g(b) = b**2 - 3*b + 2. Let f(z) = 5*g(z) + o(z). Let c(w) = 2*w + 10. Let u be c(-7). What is the units digit of f(u)?
1
Let n(j) = -2*j**3 - 2*j**2 + 9*j + 9. Let b(s) = 2*s**2 + 17*s - 13. Let d be b(-9). Let c be (-2)/d*(3 - 12 - -1). What is the units digit of n(c)?
9
What is the thousands digit of -8 + 3/(3/2) - (-224368)/148?
1
Let s(n) be the third derivative of n**5/15 + 11*n**4/24 - 5*n**3/6 + 20*n**2. Let y be s(4). Suppose -455 = -6*r + y. What is the tens digit of r?
9
Suppose 8*a - 430 = -6. Suppose 3*v + a = 65. Suppose 32 = k - 2*t, 2*k - t = v*t + 61. What is the tens digit of k?
3
Suppose -2*n - b = -6*b - 626, -4*b = 0. What is the tens digit of n + 2/3*(-23 + 20)?
1
Suppose 2*v + 5*o - 54012 = 0, 0*v + 108000 = 4*v - 2*o. What is the hundreds digit of v?
0
Suppose 8807 - 36017 = -6*j. What is the units digit of ((-5)/50)/(2/(-4))*j?
7
Suppose -131883 = -4*h - 7*l, -4*l = 47*h - 49*h + 65904. What is the units digit of h?
2
Let d(w) = w**2 + 24*w + 2. Let b be d(-24). What is the units digit of 6 - b - ((-1)/(-1) - 697)?
0
Suppose -44*l + 3611571 = 76*l - 278109. What is the units digit of l?
4
Let b be ((-54)/(-45))/(8/2500). Let c = -31 + b. What is the units digit of c?
4
Let s(y) be the third derivative of -17/6*y**3 + 1/8*y**4 + 21*y**2 + 0 + 0*y + 13/60*y**5. What is the units digit of s(4)?
3
Let t = -10 + 2. Suppose 24*i = 13*i - 12*i - 23. What is the hundreds digit of (102/8)/(i/t)?
1
Let n(k) = -22*k + 198 + 44*k - 24*k. What is the units digit of n(14)?
0
Let q(x) = 2*x - 58. Let c be q(20). What is the units digit of 431 - 2*c/12?
4
Let s be (2/4)/((-9)/(-90)). Let d(h) = 4*h - 19. Let c be d(s). What is the tens digit of (c + -3)*295/(-10)?
5
Let n = -756 - -748. What is the units digit of (-2742)/n*280/105?
4
Let q = 17 - 17. Let j(r) = r**2 + 2*r + 212. Let a be j(q). What is the units digit of (-1)/(-2 + 420/a)?
3
Suppose 0 = 5*i - 5*b - 1655, 0 = -6*i + 2*i + 2*b + 1332. Let y = i - 223. What is the tens digit of y?
1
Suppose -3*i + 1 = -2*i. Let d be (i - (-1)/5)/((-6)/(-15)). Suppose 0 = -d*z - 76 + 199. What is the tens digit of z?
4
Let a = -270 - -470. Let q = 109 - a. Let g = 186 + q. What is the units digit of g?
5
Suppose -5*t + 66 = 101, -z - 4*t + 2455 = 0. What is the thousands digit of z?
2
Let c be 2/6*3 + (-13 - -11). Let r(d) = -436*d - 11. What is the units digit of r(c)?
5
Let h = -221 - -63. Let k = 475 + h. What is the tens digit of k?
1
What is the hundreds digit of (-2)/(7 - (-1976073)/(-282293)) - 5?
6
Let v(h) = 17*h + 136. Let a be v(-8). Suppose 2*r = 36*w - 37*w + 253, a = 2*r - 4*w - 228. What is the tens digit of r?
2
Let y(i) = 5*i**2 - 26*i + 138. What is the tens digit of y(-26)?
9
Let k(p) = -p**3 - p**2 + 2*p + 5. Let v be k(0). Suppose 0*w = v*w. Suppose 4*c + c - 50 = w. What is the units digit of c?
0
Let z = -195 - -201. What is the units digit of ((-258)/(-12) - z)*2?
1
Let r(o) = 13*o**3 - 39*o**2 + 13*o + 32. What is the units digit of r(11)?
9
Suppose -4*i + 34*p + 7377 = 37*p, -4*i = 4*p - 7384. What is the hundreds digit of i?
8
Let f = -5876 + 13355. What is the thousands digit of f?
7
Suppose 8*o = 10*o. Suppose 11*q - 9 - 13 = o. What is the units digit of q?
2
Suppose -307*z + 311*z - 2256 = 0. Suppose 265*k = 269*k - z. What is the units digit of k?
1
Suppose -6*h - 4653 = 5*h. Let t = h - -795. What is the units digit of t?
2
Suppose -3*v - 175 = 5*w, w = 4*v - 3*v + 69. Let n be 8/(-84) + (105696/(-189))/8. Let r = v - n. What is the units digit of r?
5
Suppose 4581 = 2*w + 3*a, -w + 2*a = -0*w - 2294. Let r = w - 800. What is the tens digit of r?
9
Let p(n) = n**3 - n**2 - 2*n - 1. Let y(o) = -4*o**3 - 16*o**2 + 119*o + 7. Let a(g) = 3*p(g) + y(g). What is the hundreds digit of a(-26)?
7
Let l(j) = -634*j - 5186. What is the thousands digit of l(-55)?
9
Let g(y) = 2*y**3 + 12*y**2 - y - 8. Let l = 15 + -20. Let z be g(l). Let o = 22 + z. What is the units digit of o?
9
Let l = 28 + -26. Suppose 0 = y - 2, -4*y = -i + l*i - 11. Suppose i*h - 26 = -v, v - 126 = -2*v + 3*h. What is the tens digit of v?
3
Let w = 331 - 329. Suppose 3*b = -w*v + 844 + 922, 4*b = 4*v - 3572. What is the hundreds digit of v?
8
Suppose 0 = -2*z + 2*t - 16, -15 + 0 = 3*t. What is the tens digit of 250/(-2)*(4 + z)?
2
Let h be 4/14 - (11056/(-14) + 4). Let o = 54 + h. Suppose -18*q + o = -14*q. What is the tens 